{"version":"1.0","provider_name":"Viento Sur","provider_url":"https:\/\/vientosur.unla.edu.ar","title":"Congreso Nacional de Filosof\u00eda 1949-2019 - Viento Sur","type":"rich","width":600,"height":338,"html":"<blockquote class=\"wp-embedded-content\" data-secret=\"t0NQeoslL9\"><a href=\"https:\/\/vientosur.unla.edu.ar\/index.php\/congreso-nacional-de-filosofia-1949-2019\/\">Congreso Nacional de Filosof\u00eda 1949-2019<\/a><\/blockquote><iframe sandbox=\"allow-scripts\" security=\"restricted\" src=\"https:\/\/vientosur.unla.edu.ar\/index.php\/congreso-nacional-de-filosofia-1949-2019\/embed\/#?secret=t0NQeoslL9\" width=\"600\" height=\"338\" title=\"\u00abCongreso Nacional de Filosof\u00eda 1949-2019\u00bb \u2014 Viento Sur\" data-secret=\"t0NQeoslL9\" frameborder=\"0\" marginwidth=\"0\" marginheight=\"0\" scrolling=\"no\" class=\"wp-embedded-content\"><\/iframe><script>\n\/*! This file is auto-generated *\/\n!function(d,l){\"use strict\";l.querySelector&&d.addEventListener&&\"undefined\"!=typeof URL&&(d.wp=d.wp||{},d.wp.receiveEmbedMessage||(d.wp.receiveEmbedMessage=function(e){var t=e.data;if((t||t.secret||t.message||t.value)&&!\/[^a-zA-Z0-9]\/.test(t.secret)){for(var s,r,n,a=l.querySelectorAll('iframe[data-secret=\"'+t.secret+'\"]'),o=l.querySelectorAll('blockquote[data-secret=\"'+t.secret+'\"]'),c=new RegExp(\"^https?:$\",\"i\"),i=0;i<o.length;i++)o[i].style.display=\"none\";for(i=0;i<a.length;i++)s=a[i],e.source===s.contentWindow&&(s.removeAttribute(\"style\"),\"height\"===t.message?(1e3<(r=parseInt(t.value,10))?r=1e3:~~r<200&&(r=200),s.height=r):\"link\"===t.message&&(r=new URL(s.getAttribute(\"src\")),n=new URL(t.value),c.test(n.protocol))&&n.host===r.host&&l.activeElement===s&&(d.top.location.href=t.value))}},d.addEventListener(\"message\",d.wp.receiveEmbedMessage,!1),l.addEventListener(\"DOMContentLoaded\",function(){for(var e,t,s=l.querySelectorAll(\"iframe.wp-embedded-content\"),r=0;r<s.length;r++)(t=(e=s[r]).getAttribute(\"data-secret\"))||(t=Math.random().toString(36).substring(2,12),e.src+=\"#?secret=\"+t,e.setAttribute(\"data-secret\",t)),e.contentWindow.postMessage({message:\"ready\",secret:t},\"*\")},!1)))}(window,document);\n\/\/# sourceURL=https:\/\/vientosur.unla.edu.ar\/wp-includes\/js\/wp-embed.min.js\n<\/script>\n","thumbnail_url":"https:\/\/vientosur.unla.edu.ar\/wp-content\/uploads\/2018\/12\/logo-grande-con-anclaje2-e1544865337739.png","thumbnail_width":733,"thumbnail_height":421,"description":"En homenaje al Primer Congreso Nacional de Filosof\u00eda El 30 de marzo de 1949 se realizaba en la Universidad Nacional de Cuyo el Primer Congreso Nacional de Filosof\u00eda. M\u00e1s de 200 expositores de todo el mundo concurrieron y enviaron sus ponencias. Dicho congreso se realizaba tres meses despu\u00e9s de la Declaraci\u00f3n Universal de Derechos Humanos. [&hellip;]"}

Congreso Nacional de Filosofía 1949-2019 - Viento Sur

<blockquote class="wp-embedded-content" data-secret="t0NQeoslL9"><a href="https://vientosur.unla.edu.ar/index.php/congreso-nacional-de-filosofia-1949-2019/">Congreso Nacional de Filosofía 1949-2019</a></blockquote><iframe sandbox="allow-scripts" security="restricted" src="https://vientosur.unla.edu.ar/index.php/congreso-nacional-de-filosofia-1949-2019/embed/#?secret=t0NQeoslL9" width="600" height="338" title="«Congreso Nacional de Filosofía 1949-2019» — Viento Sur" data-secret="t0NQeoslL9" frameborder="0" marginwidth="0" marginheight="0" scrolling="no" class="wp-embedded-content"></iframe><script>
/*! This file is auto-generated */
!function(d,l){"use strict";l.querySelector&&d.addEventListener&&"undefined"!=typeof URL&&(d.wp=d.wp||{},d.wp.receiveEmbedMessage||(d.wp.receiveEmbedMessage=function(e){var t=e.data;if((t||t.secret||t.message||t.value)&&!/[^a-zA-Z0-9]/.test(t.secret)){for(var s,r,n,a=l.querySelectorAll('iframe[data-secret="'+t.secret+'"]'),o=l.querySelectorAll('blockquote[data-secret="'+t.secret+'"]'),c=new RegExp("^https?:$","i"),i=0;i<o.length;i++)o[i].style.display="none";for(i=0;i<a.length;i++)s=a[i],e.source===s.contentWindow&&(s.removeAttribute("style"),"height"===t.message?(1e3<(r=parseInt(t.value,10))?r=1e3:~~r<200&&(r=200),s.height=r):"link"===t.message&&(r=new URL(s.getAttribute("src")),n=new URL(t.value),c.test(n.protocol))&&n.host===r.host&&l.activeElement===s&&(d.top.location.href=t.value))}},d.addEventListener("message",d.wp.receiveEmbedMessage,!1),l.addEventListener("DOMContentLoaded",function(){for(var e,t,s=l.querySelectorAll("iframe.wp-embedded-content"),r=0;r<s.length;r++)(t=(e=s[r]).getAttribute("data-secret"))||(t=Math.random().toString(36).substring(2,12),e.src+="#?secret="+t,e.setAttribute("data-secret",t)),e.contentWindow.postMessage({message:"ready",secret:t},"*")},!1)))}(window,document);
//# sourceURL=https://vientosur.unla.edu.ar/wp-includes/js/wp-embed.min.js
</script>

En homenaje al Primer Congreso Nacional de Filosofía El 30 de marzo de 1949 se realizaba en la Universidad Nacional de Cuyo el Primer Congreso Nacional de Filosofía. Más de 200 expositores de todo el mundo concurrieron y enviaron sus ponencias. Dicho congreso se realizaba tres meses después de la Declaración Universal de Derechos Humanos. [&hellip;]
