{"version":"1.0","provider_name":"Viento Sur","provider_url":"https:\/\/vientosur.unla.edu.ar","title":"La Universidad y la CELAC - Viento Sur","type":"rich","width":600,"height":338,"html":"<blockquote class=\"wp-embedded-content\" data-secret=\"aIicbmq98y\"><a href=\"https:\/\/vientosur.unla.edu.ar\/index.php\/la-universidad-la-celac\/\">La Universidad y la CELAC<\/a><\/blockquote><iframe sandbox=\"allow-scripts\" security=\"restricted\" src=\"https:\/\/vientosur.unla.edu.ar\/index.php\/la-universidad-la-celac\/embed\/#?secret=aIicbmq98y\" width=\"600\" height=\"338\" title=\"\u00abLa Universidad y la CELAC\u00bb \u2014 Viento Sur\" data-secret=\"aIicbmq98y\" frameborder=\"0\" marginwidth=\"0\" marginheight=\"0\" scrolling=\"no\" class=\"wp-embedded-content\"><\/iframe><script>\n\/*! This file is auto-generated *\/\n!function(d,l){\"use strict\";l.querySelector&&d.addEventListener&&\"undefined\"!=typeof URL&&(d.wp=d.wp||{},d.wp.receiveEmbedMessage||(d.wp.receiveEmbedMessage=function(e){var t=e.data;if((t||t.secret||t.message||t.value)&&!\/[^a-zA-Z0-9]\/.test(t.secret)){for(var s,r,n,a=l.querySelectorAll('iframe[data-secret=\"'+t.secret+'\"]'),o=l.querySelectorAll('blockquote[data-secret=\"'+t.secret+'\"]'),c=new RegExp(\"^https?:$\",\"i\"),i=0;i<o.length;i++)o[i].style.display=\"none\";for(i=0;i<a.length;i++)s=a[i],e.source===s.contentWindow&&(s.removeAttribute(\"style\"),\"height\"===t.message?(1e3<(r=parseInt(t.value,10))?r=1e3:~~r<200&&(r=200),s.height=r):\"link\"===t.message&&(r=new URL(s.getAttribute(\"src\")),n=new URL(t.value),c.test(n.protocol))&&n.host===r.host&&l.activeElement===s&&(d.top.location.href=t.value))}},d.addEventListener(\"message\",d.wp.receiveEmbedMessage,!1),l.addEventListener(\"DOMContentLoaded\",function(){for(var e,t,s=l.querySelectorAll(\"iframe.wp-embedded-content\"),r=0;r<s.length;r++)(t=(e=s[r]).getAttribute(\"data-secret\"))||(t=Math.random().toString(36).substring(2,12),e.src+=\"#?secret=\"+t,e.setAttribute(\"data-secret\",t)),e.contentWindow.postMessage({message:\"ready\",secret:t},\"*\")},!1)))}(window,document);\n\/\/# sourceURL=https:\/\/vientosur.unla.edu.ar\/wp-includes\/js\/wp-embed.min.js\n<\/script>\n","thumbnail_url":"https:\/\/vientosur.unla.edu.ar\/wp-content\/uploads\/2017\/11\/celac.jpg","thumbnail_width":1200,"thumbnail_height":755,"description":"\u201cLa Comunidad Latinoamericana y su Mercado Com\u00fan solo podr\u00e1n alcanzar el destino que les concierne si son capaces de constituir una integraci\u00f3n real, que no solo piense en el futuro, sino que tambi\u00e9n anhele realizarlo. Para ello ser\u00e1 preciso que comience a hacer su propia historia como lo so\u00f1aron nuestros libertadores y no como pretenden [&hellip;]"}

“La Comunidad Latinoamericana y su Mercado Común solo podrán alcanzar el destino que les concierne si son capaces de constituir una integración real, que no solo piense en el futuro, sino que también anhele realizarlo. Para ello será preciso que comience a hacer su propia historia como lo soñaron nuestros libertadores y no como pretenden [&hellip;]
