{"version":"1.0","provider_name":"Viento Sur","provider_url":"https:\/\/vientosur.unla.edu.ar","title":"\"Romper el espejismo macrista\" - Viento Sur","type":"rich","width":600,"height":338,"html":"<blockquote class=\"wp-embedded-content\" data-secret=\"SQzbX1IGyI\"><a href=\"https:\/\/vientosur.unla.edu.ar\/index.php\/romper-el-espejismo-macrista\/\">\u00abRomper el espejismo macrista\u00bb<\/a><\/blockquote><iframe sandbox=\"allow-scripts\" security=\"restricted\" src=\"https:\/\/vientosur.unla.edu.ar\/index.php\/romper-el-espejismo-macrista\/embed\/#?secret=SQzbX1IGyI\" width=\"600\" height=\"338\" title=\"\u00ab\u00abRomper el espejismo macrista\u00bb\u00bb \u2014 Viento Sur\" data-secret=\"SQzbX1IGyI\" frameborder=\"0\" marginwidth=\"0\" marginheight=\"0\" scrolling=\"no\" class=\"wp-embedded-content\"><\/iframe><script>\n\/*! This file is auto-generated *\/\n!function(d,l){\"use strict\";l.querySelector&&d.addEventListener&&\"undefined\"!=typeof URL&&(d.wp=d.wp||{},d.wp.receiveEmbedMessage||(d.wp.receiveEmbedMessage=function(e){var t=e.data;if((t||t.secret||t.message||t.value)&&!\/[^a-zA-Z0-9]\/.test(t.secret)){for(var s,r,n,a=l.querySelectorAll('iframe[data-secret=\"'+t.secret+'\"]'),o=l.querySelectorAll('blockquote[data-secret=\"'+t.secret+'\"]'),c=new RegExp(\"^https?:$\",\"i\"),i=0;i<o.length;i++)o[i].style.display=\"none\";for(i=0;i<a.length;i++)s=a[i],e.source===s.contentWindow&&(s.removeAttribute(\"style\"),\"height\"===t.message?(1e3<(r=parseInt(t.value,10))?r=1e3:~~r<200&&(r=200),s.height=r):\"link\"===t.message&&(r=new URL(s.getAttribute(\"src\")),n=new URL(t.value),c.test(n.protocol))&&n.host===r.host&&l.activeElement===s&&(d.top.location.href=t.value))}},d.addEventListener(\"message\",d.wp.receiveEmbedMessage,!1),l.addEventListener(\"DOMContentLoaded\",function(){for(var e,t,s=l.querySelectorAll(\"iframe.wp-embedded-content\"),r=0;r<s.length;r++)(t=(e=s[r]).getAttribute(\"data-secret\"))||(t=Math.random().toString(36).substring(2,12),e.src+=\"#?secret=\"+t,e.setAttribute(\"data-secret\",t)),e.contentWindow.postMessage({message:\"ready\",secret:t},\"*\")},!1)))}(window,document);\n\/\/# sourceURL=https:\/\/vientosur.unla.edu.ar\/wp-includes\/js\/wp-embed.min.js\n<\/script>\n","thumbnail_url":"https:\/\/vientosur.unla.edu.ar\/wp-content\/uploads\/2018\/12\/Grabois-.png","thumbnail_width":1920,"thumbnail_height":1080,"description":"(cr\u00e9dito fotos: Gustavo Quinteiro) Juan Grabois es abogado, licenciado en Ciencias Sociales, autor, traductor y, por sobre cualquier otro diploma, titular de la CTEP, la Confederaci\u00f3n de Trabajadores de la Econom\u00eda Popular que responde a una nueva concepci\u00f3n del trabajo y de la econom\u00eda en tiempos de neoliberalismo, desocupaci\u00f3n y pobreza crecientes. Poco despu\u00e9s de [&hellip;]"}

(crédito fotos: Gustavo Quinteiro) Juan Grabois es abogado, licenciado en Ciencias Sociales, autor, traductor y, por sobre cualquier otro diploma, titular de la CTEP, la Confederación de Trabajadores de la Economía Popular que responde a una nueva concepción del trabajo y de la economía en tiempos de neoliberalismo, desocupación y pobreza crecientes. Poco después de [&hellip;]
