{"version":"1.0","provider_name":"Viento Sur","provider_url":"https:\/\/vientosur.unla.edu.ar","title":"\u201cSantiago era un defensor de la Tierra\u201d - Viento Sur","type":"rich","width":600,"height":338,"html":"<blockquote class=\"wp-embedded-content\" data-secret=\"XGBuviZKTQ\"><a href=\"https:\/\/vientosur.unla.edu.ar\/index.php\/santiago-era-un-defensor-de-la-tierra\/\">\u201cSantiago era un defensor de la Tierra\u201d<\/a><\/blockquote><iframe sandbox=\"allow-scripts\" security=\"restricted\" src=\"https:\/\/vientosur.unla.edu.ar\/index.php\/santiago-era-un-defensor-de-la-tierra\/embed\/#?secret=XGBuviZKTQ\" width=\"600\" height=\"338\" title=\"\u00ab\u201cSantiago era un defensor de la Tierra\u201d\u00bb \u2014 Viento Sur\" data-secret=\"XGBuviZKTQ\" frameborder=\"0\" marginwidth=\"0\" marginheight=\"0\" scrolling=\"no\" class=\"wp-embedded-content\"><\/iframe><script>\n\/*! This file is auto-generated *\/\n!function(d,l){\"use strict\";l.querySelector&&d.addEventListener&&\"undefined\"!=typeof URL&&(d.wp=d.wp||{},d.wp.receiveEmbedMessage||(d.wp.receiveEmbedMessage=function(e){var t=e.data;if((t||t.secret||t.message||t.value)&&!\/[^a-zA-Z0-9]\/.test(t.secret)){for(var s,r,n,a=l.querySelectorAll('iframe[data-secret=\"'+t.secret+'\"]'),o=l.querySelectorAll('blockquote[data-secret=\"'+t.secret+'\"]'),c=new RegExp(\"^https?:$\",\"i\"),i=0;i<o.length;i++)o[i].style.display=\"none\";for(i=0;i<a.length;i++)s=a[i],e.source===s.contentWindow&&(s.removeAttribute(\"style\"),\"height\"===t.message?(1e3<(r=parseInt(t.value,10))?r=1e3:~~r<200&&(r=200),s.height=r):\"link\"===t.message&&(r=new URL(s.getAttribute(\"src\")),n=new URL(t.value),c.test(n.protocol))&&n.host===r.host&&l.activeElement===s&&(d.top.location.href=t.value))}},d.addEventListener(\"message\",d.wp.receiveEmbedMessage,!1),l.addEventListener(\"DOMContentLoaded\",function(){for(var e,t,s=l.querySelectorAll(\"iframe.wp-embedded-content\"),r=0;r<s.length;r++)(t=(e=s[r]).getAttribute(\"data-secret\"))||(t=Math.random().toString(36).substring(2,12),e.src+=\"#?secret=\"+t,e.setAttribute(\"data-secret\",t)),e.contentWindow.postMessage({message:\"ready\",secret:t},\"*\")},!1)))}(window,document);\n\/\/# sourceURL=https:\/\/vientosur.unla.edu.ar\/wp-includes\/js\/wp-embed.min.js\n<\/script>\n","thumbnail_url":"https:\/\/vientosur.unla.edu.ar\/wp-content\/uploads\/2018\/06\/maldonado.jpg","thumbnail_width":1024,"thumbnail_height":682,"description":"Santiago Maldonado desapareci\u00f3 el 1\u00ba de agosto de 2017, tras la violenta represi\u00f3n de Gendarmer\u00eda Nacional en la Lof en resistencia Cushamen, en la provincia de Chubut. Estuvo desaparecido 78 d\u00edas. Su cuerpo sin vida fue encontrado el 17 de octubre en el r\u00edo Chubut, 400 metros r\u00edo arriba de donde hab\u00eda sido visto por [&hellip;]"}

Santiago Maldonado desapareció el 1º de agosto de 2017, tras la violenta represión de Gendarmería Nacional en la Lof en resistencia Cushamen, en la provincia de Chubut. Estuvo desaparecido 78 días. Su cuerpo sin vida fue encontrado el 17 de octubre en el río Chubut, 400 metros río arriba de donde había sido visto por [&hellip;]
